f k**3/3 - 4*k**2 + 9*k - 2. Let o be d(8). Suppose 23 = 2*a - o. What are the prime factors of a?
2
Suppose -833 = -3*p - 5*u, 4*u + 1234 = 5*p - 179. What are the prime factors of p?
281
Let t be 0*(-4 + 3) - -2. Suppose -23 = -q + t*q. Let l = q + 40. What are the prime factors of l?
17
Let g = -1 + 5. What are the prime factors of (6/g)/((-10)/(-20))?
3
Suppose 5*q + 75 = 3*l, 4*q = l + q - 29. List the prime factors of l.
2, 5
Let o be 4/10 + (-7794)/(-15). Suppose k - o = -3*k. List the prime factors of k/14 - 2/7.
3
Let o(a) = -a**3 - a**2 - a + 34. Suppose -t = 3*t. What are the prime factors of o(t)?
2, 17
Suppose -3*t + 5*n = -3 + 10, t + n - 11 = 0. Let s = t + -1. List the prime factors of s.
5
Let u(w) = -3*w - 3. Let l = -7 + 11. Suppose -4*i + 3*a - 8 = 5*a, -l*i + 3*a - 8 = 0. List the prime factors of u(i).
3
Let u(n) = n**3 + 8*n**2 - 11*n - 14. What are the prime factors of u(-7)?
2, 7
Let u = -24 - -58. List the prime factors of u.
2, 17
Let y be 4 + -1 + -2 + 1. Suppose -4*x + 28 = 2*n - 14, 0 = 4*n - y*x - 34. Let v = n + -7. List the prime factors of v.
2
Let t be 2 - (1 - (0 - -3)). What are the prime factors of ((-9)/t)/((-1)/12)?
3
Let s(l) = l - 3. Let g be s(3). Suppose o - 10 - 19 = g. What are the prime factors of o?
29
Suppose 5 + 15 = m. Suppose d + m = 5*d. What are the prime factors of d?
5
Let o(n) = -2*n + 7. What are the prime factors of o(-3)?
13
Let l(u) = -3*u - 9. Let c(m) = -m + 7. Let n be c(12). What are the prime factors of l(n)?
2, 3
Let p(q) = q + 3 - q + q. Let s be p(7). Let b = s - 6. List the prime factors of b.
2
List the prime factors of (-5)/(30/(-226)) + 2/6.
2, 19
Suppose 5*j + 24 = 2*g, g + 5*j + 0*j - 27 = 0. What are the prime factors of g?
17
Suppose -2*j - 18 = -4*w, 2*j - 5*w = j - 21. Let b = j + 3. Suppose 4*a - 2*g + 0*g = 22, a + 2 = b*g. List the prime factors of a.
2
Let o = 18 + -17. List the prime factors of o/((-2)/(-36)) - 0.
2, 3
Let v = -176 + -29. List the prime factors of 2/9 + v/(-9).
23
Let s(b) = b - 2. Let j be s(3). Let q be 2 + (4/2 - j). Suppose -3*u + q = -2*u, -4*i + u + 45 = 0. List the prime factors of i.
2, 3
Let s(v) = 15*v**3 + v**2 + v - 1. Let d be s(1). Suppose -112 = 4*k - 4*y, 3*y + d = 4. List the prime factors of ((-27)/(-12))/((-6)/k).
2, 3
Let x be ((-8)/(-2 - -1))/2. Let v(m) = 2*m - 2. What are the prime factors of v(x)?
2, 3
Suppose -21 = 4*j - 5. Let k = j + 11. List the prime factors of k.
7
Suppose 20 = -2*h + 4*h. Suppose -3*m = -2*m - h. Let l(q) = q + 1. What are the prime factors of l(m)?
11
Let z be -1*(-3 + 1383/(-1)). Suppose -z = -3*g + g. List the prime factors of g/35 - (-1)/5.
2, 5
Suppose 3*g - 182 = -3*o + 2*g, -188 = -3*o + 5*g. List the prime factors of o.
61
Let d(m) = m**2 - 5*m - 8. Let z = 13 - 8. Suppose -37 = -z*g - 2. What are the prime factors of d(g)?
2, 3
Suppose x = -x - 4. Let u = 14 + x. List the prime factors of u.
2, 3
Let g(r) = -r**2 - 20*r + 5. List the prime factors of g(-16).
3, 23
Let b = 5 + -13. Let y(r) = 2*r - 6 - 6*r + 2*r. What are the prime factors of y(b)?
2, 5
Let k be ((-3)/(-6) - -2)*2. Suppose 0 = -y + k. What are the prime factors of y?
5
Suppose 5*b - 4 = b. Let n = b - -1. Suppose -10 = n*y - 4*y. List the prime factors of y.
5
Let t(u) = 11*u - 47. What are the prime factors of t(8)?
41
Suppose -5*n + 140 = -n. Suppose 5*s - n = -0*s. List the prime factors of s.
7
Suppose a = -2*a + 60. List the prime factors of a.
2, 5
Let s = 3 - -33. List the prime factors of s.
2, 3
Let r be (-1 - 2)*(2 + -3). Suppose 2*b + 5*f = 27, -3*b = -5*b - r*f + 21. What are the prime factors of b?
2, 3
Suppose 3*x - z + 4 = 6*x, 4*z + 2 = -3*x. What are the prime factors of -20*1/x*-1?
2, 5
What are the prime factors of 62 - 12 - 3*-1?
53
Let s = -12 - -70. What are the prime factors of s?
2, 29
Suppose 2*y = -2*x + 2, -5*x = 3*y - 0 + 1. Suppose -a = 4*z - 11, 31 = 2*a - 4*z + y*z. List the prime factors of a.
3, 5
Suppose -3*c + 7*c = 8. Suppose 0*g - 3*a + 2 = g, 3*g = c*a + 50. List the prime factors of g.
2, 7
Suppose 3*i - 2*q + 23 = 0, 0 = -i - 2*q - 12 - 1. List the prime factors of ((-24)/i - 2)*3.
2
Suppose 5*u + 2*d + 0*d - 84 = 0, 2*d = -4*u + 68. Suppose -u*v = -19*v + 39. List the prime factors of v.
13
Suppose 0 = s + 2*o + 66, 2*s + 126 = 3*o + 22. Let y be (s/3)/(4/(-6)). Let x = -17 + y. List the prime factors of x.
2, 3
Let g(a) = -a**2 - 4*a + 7. Let l be g(-5). Suppose 2*z + 2*c = 8, c - l*c + 20 = 3*z. What are the prime factors of 2/8 - (-70)/z?
3
Let l(z) = z**3 - 5*z**2 - z. Let o(q) = -2*q**3 + 9*q**2 + 2*q + 1. Let j(f) = 11*l(f) + 6*o(f). Let b be j(0). What are the prime factors of (-9)/b*(-2 - 0)?
3
Let s = 5 - 4. Let c be s/4 + 7/4. Suppose -c*q = -5*v + q + 45, -2*q = 10. What are the prime factors of v?
2, 3
Let q(z) = z**3 + 8*z**2 - 9*z - 15. List the prime factors of q(-6).
3, 37
Suppose -b + j - 6 = 4*j, -4 = -b + 2*j. Suppose -4*w + 3*h = -88, 3*w = -b*w + 3*h + 63. List the prime factors of w.
5
Let s(v) = -16 + 7 + 3*v - 7. What are the prime factors of s(12)?
2, 5
What are the prime factors of (-2)/3 - (-2216)/12 - -1?
5, 37
Let l(b) = -b**3 + b**2 + 4*b**2 + b**2 + 1 + 3*b. What are the prime factors of l(6)?
19
Suppose -4*i + 3 = -5. Suppose -6 = -o - i*o. What are the prime factors of o/4 - (-15)/2?
2
Suppose -10*q + 35 = -5*q. What are the prime factors of q?
7
Suppose -3*l - 5*q = -7, -2*l + 13 = l - q. Suppose -2*y + h = -l*y + 4, -3*y + 6 = 4*h. Suppose w - 69 = -y*w. List the prime factors of w.
23
Suppose -2*c - 9 = -m + 92, -2*m - 4*c + 218 = 0. List the prime factors of m.
3, 5, 7
Suppose 0 = 4*q + 4*g - 912, -2*q + 3*g - 20 = -466. What are the prime factors of q?
2, 113
Suppose -14*y + 850 = -9*y. What are the prime factors of y?
2, 5, 17
Let h = 4 - 0. List the prime factors of h.
2
Let b be (-4)/10 - 2/(-5). Let f = -7 + b. Let h = 3 - f. What are the prime factors of h?
2, 5
Suppose 117 = 5*i - 18. List the prime factors of i.
3
Let a(j) = -2 - 2*j + 0 - 6. Let f = -17 - -11. What are the prime factors of a(f)?
2
What are the prime factors of 79 - 6*10/(-15)?
83
Let p = -1 + 5. Suppose 0*b = p*b - 128. What are the prime factors of b?
2
Let o = -13 - -8. Let l be (o - -5)/(-2 + -1). Suppose -51 = -3*x - l*x. List the prime factors of x.
17
Let p(y) = -y - 4. Let w be p(-5). Suppose 8 = h - w. Suppose -c = -2*c + h. What are the prime factors of c?
3
Suppose -5*r + 25 - 5 = 0. Let d be r/26 + 3260/(-65). Let h = d + 72. What are the prime factors of h?
2, 11
Let t be (-7)/(-3) + (-14)/(-21). Suppose 0*s - 5*s + k + 80 = 0, 2*s - t*k - 45 = 0. What are the prime factors of s?
3, 5
Let y = 10 - -7. Let n = y + -12. Suppose 5*q + 2*s - 22 = q, -5*q + 4*s - n = 0. What are the prime factors of q?
3
Suppose 0 = -5*u + 2*d + 10, 2*d - 5*d + 6 = 3*u. Suppose -u*w + 3*q + 44 = 8*q, w + 3*q - 24 = 0. What are the prime factors of w?
2, 3
What are the prime factors of 204 + -2 - (-6)/(-2)?
199
Let c(h) = -h**3 + 6*h**2 - h + 4. Let i be c(6). Let x be (0 + i/3)*27. Let b = 2 - x. List the prime factors of b.
2, 5
Let k = 94 - 66. Let p = -16 - -1. Let t = p + k. What are the prime factors of t?
13
What are the prime factors of -2 + 26/3*3?
2, 3
Suppose -2*f - 3*f = 15, 4*u = 3*f + 5. Let i(t) = -8*t**3 + 2*t**2 + t. Let d be i(u). Let c = -3 + d. What are the prime factors of c?
2, 3
List the prime factors of (-5)/(50/(-4))*70.
2, 7
Suppose n - 201 = -4*c, 11*n + 1 = 12*n. What are the prime factors of c?
2, 5
List the prime factors of (1 - 385/(-15)) + 3/9.
3
What are the prime factors of (1*33)/((-32)/(-8) - 3)?
3, 11
Let b(m) = -m**2 - 6*m - 1. Let a be b(-5). Suppose -4*y + 0*y + a*h = -36, -5*y + 36 = -2*h. What are the prime factors of (2/y)/((-2)/(-66))?
11
Suppose 2*z = z. Suppose -6*j + 24 = -4*j. Suppose -2*s + s + j = z. List the prime factors of s.
2, 3
Let t = 46 - -26. What are the prime factors of t?
2, 3
Let w = 12 + 0. Suppose u = -2*k + 6*u + w, k + 9 = -5*u. Let o = k - -8. What are the prime factors of o?
3
Let d be (-2)/(-9) + 64/36. Suppose 2*m - w + 2 = -3, 0 = -d*m - w - 15. Let z(h) = -3*h - 6. What are the prime factors of z(m)?
3
Suppose 0 = 6*m - 9*m + 183. What are the prime factors of m?
61
Let o(a) = 2*a + a - 8 - 2*a. Let l be 